{"id":1355,"date":"2026-02-06T09:54:16","date_gmt":"2026-02-06T14:54:16","guid":{"rendered":"https:\/\/common-approach.frb.io\/resources\/cycles-de-mesure-dimpact-pour-les-investisseurs-grossistes-ifs-et-les-societes-beneficiaires-des-investissements-ovs\/"},"modified":"2026-02-06T09:54:16","modified_gmt":"2026-02-06T14:54:16","slug":"cycles-de-mesure-dimpact-pour-les-investisseurs-grossistes-ifs-et-les-societes-beneficiaires-des-investissements-ovs","status":"publish","type":"resource","link":"https:\/\/www.commonapproach.org\/fr\/connaissances\/ressources\/cycles-de-mesure-dimpact-pour-les-investisseurs-grossistes-ifs-et-les-societes-beneficiaires-des-investissements-ovs\/","title":{"rendered":"Cycles de mesure d\u2019impact pour les investisseurs (grossistes, IFS) et les soci\u00e9t\u00e9s b\u00e9n\u00e9ficiaires des investissements (OVS)"},"featured_media":1347,"template":"","meta":{"_acf_changed":false},"audience":[53,54,61],"resource_category":[69],"resource_type":[74],"class_list":["post-1355","resource","type-resource","status-publish","has-post-thumbnail","hentry","audience-bailleur-de-fonds","audience-investisseur-dimpact","audience-organisations-a-vocation-sociale-ovs","resource_category-fonds-de-finance-sociale","resource_type-documents-justificatifs"],"acf":[],"aioseo_notices":[],"_links":{"self":[{"href":"https:\/\/www.commonapproach.org\/fr\/wp-json\/wp\/v2\/resource\/1355","targetHints":{"allow":["GET"]}}],"collection":[{"href":"https:\/\/www.commonapproach.org\/fr\/wp-json\/wp\/v2\/resource"}],"about":[{"href":"https:\/\/www.commonapproach.org\/fr\/wp-json\/wp\/v2\/types\/resource"}],"wp:featuredmedia":[{"embeddable":true,"href":"https:\/\/www.commonapproach.org\/fr\/wp-json\/wp\/v2\/media\/1347"}],"wp:attachment":[{"href":"https:\/\/www.commonapproach.org\/fr\/wp-json\/wp\/v2\/media?parent=1355"}],"wp:term":[{"taxonomy":"audience","embeddable":true,"href":"https:\/\/www.commonapproach.org\/fr\/wp-json\/wp\/v2\/audience?post=1355"},{"taxonomy":"resource_category","embeddable":true,"href":"https:\/\/www.commonapproach.org\/fr\/wp-json\/wp\/v2\/resource_category?post=1355"},{"taxonomy":"resource_type","embeddable":true,"href":"https:\/\/www.commonapproach.org\/fr\/wp-json\/wp\/v2\/resource_type?post=1355"}],"curies":[{"name":"wp","href":"https:\/\/api.w.org\/{rel}","templated":true}]}}

Cycles de mesure d’impact pour les investisseurs (grossistes, IFS) et les sociétés bénéficiaires des investissements (OVS)
